21 and k.
33
Let n(l) = -6*l**2 - 101*l + 60. Let y be n(-16). What is the highest common factor of 1456 and y?
28
Let f(r) = 41 - 14 + 0*r**2 - r**2. Let j be f(-5). What is the greatest common divisor of 2 and j?
2
Let j(x) = -102*x - 3. Let m be j(-5). Suppose 0*n - 3*n = 15, -2*h = -5*n + m. Let r = -156 - h. What is the highest common factor of 10 and r?
10
Let g be ((-321160)/192)/(-31) - 6/(-144). Let o = -295 + 547. What is the highest common factor of g and o?
18
Let x = -5705 + 6035. Calculate the highest common divisor of x and 2265.
15
Suppose -6*g = -4*g + 6, 2*g = v - 186. What is the highest common divisor of v and 265?
5
Let w(k) = -k + 10. Let f be w(3). Let t(u) = -8624 + 16*u + 8625 - u**2 + 6*u**2 - u**3. Let z be t(f). What is the highest common factor of z and 6?
3
Let z(m) = 893*m**2 + 476*m - 1436. Let p be z(3). What is the greatest common divisor of 14 and p?
7
Let l be (334/24 - 14) + 165266*3/72. What is the highest common divisor of l and 22?
22
Suppose 11*j - 2557 = -2425. What is the greatest common factor of 12 and j?
12
Let f(j) = j**3 - j**2 + 182. Suppose 0 = -0*t - 6*t. Let d be f(t). Suppose x + d = 2*x. Calculate the highest common divisor of x and 26.
26
Suppose -4*d = 5*n - 57, -15 = -2*d - 4*n + 9. Let y be ((-12)/5)/(27/180). Let z = d + y. Calculate the greatest common divisor of z and 18.
2
Suppose 8*f - 2219 + 1739 = 0. Calculate the highest common divisor of 1044 and f.
12
Let x be -134*(-1 + 2 + -5). Suppose 351 = -5*w + 10*w + 4*u, -5*u - 248 = -4*w. What is the greatest common divisor of w and x?
67
Let f = 42493 - 42434. Calculate the highest common factor of 6726 and f.
59
Let z be ((1/4)/(3/(-102)))/((-10)/120). Calculate the greatest common factor of z and 18.
6
Let m be 50/30 - 148/(-3). Suppose 2*u + 5*k = 24, 5*u - 3*k + 28 = 7*u. Calculate the highest common divisor of u and m.
17
Let f be -3*(-3)/18*0. Suppose 4*z = 4 - f. Let m be (-546)/(5 + -31) - (-1)/(2/(-16)). Calculate the greatest common divisor of m and z.
1
Let r(a) be the third derivative of a**6/120 + 3*a**5/20 + 7*a**4/12 + 5*a**3/3 + 289*a**2. Let z be r(-5). Calculate the highest common factor of z and 56.
8
Let m = -24 + 34. Suppose 5*s + m = 75. Let y be 6870/60 + 1/(0 - 2) - -3. Calculate the highest common divisor of y and s.
13
Let w be 0 + 7 - (-9 + 7). Let u(a) = 140*a + 1446. Let f be u(-3). Calculate the highest common divisor of f and w.
9
Let t(z) = -z**2 - 13*z - 13. Let n be ((-1)/2)/((-5)/20). Suppose 0 = -n*q - 0*q - 22. Let j be t(q). Calculate the greatest common factor of j and 81.
9
Let z = -287 + 708. Let h = z + -241. Calculate the highest common factor of 20 and h.
20
Suppose 26*q + 2*k - 6048 = 23*q, -5*k + 6048 = 3*q. Calculate the highest common factor of q and 63.
63
Let v = 19949 - 13151. Suppose 0*t + d - v = -4*t, -2*d = 4. Calculate the highest common factor of 100 and t.
100
Let v(c) = c**3 + 31*c**2 - 36*c + 59. Let m = 102 - 134. Let t be v(m). What is the highest common factor of 17 and t?
17
Suppose -22*v + 17*v = -2940. Let h be 1*(-4)/6*18/(-1). What is the highest common factor of v and h?
12
Let p be (-9826)/(-28) - (-6)/84. Calculate the highest common divisor of 1287 and p.
117
Let i be ((-114)/10)/((-90)/(-225))*-2. Calculate the highest common factor of i and 475.
19
Let c = -63 + 43. Let v = c - -8. Let d be 93*(8/v - -1). What is the greatest common factor of 31 and d?
31
Suppose j + 4*g - 301 = -83, 4*j - 4*g = 912. Let z = 436 - j. Calculate the highest common divisor of 84 and z.
42
Let q = 500 - 447. Calculate the highest common divisor of q and 13621.
53
Let j(y) = -y**3 - 2*y**2 - 2*y + 550. Let a be j(0). What is the greatest common factor of 374 and a?
22
Suppose -6*z + 55 = -239. Suppose 4*x - 133 = -z. Let c(j) = -2*j**3 - 7*j**2 + 3*j + 3. Let l be c(-5). What is the highest common divisor of x and l?
21
Suppose 0 = 5*u - 66 + 21. Suppose -40 - 32 = -u*r. Let v = r - -2. Calculate the greatest common divisor of v and 70.
10
Let p be (9672/21)/1 - (-1236)/(-2163). Calculate the greatest common divisor of p and 110.
10
Let i be 45/12 + (-2)/(-8). Suppose 5*h - 21 = i*h. Suppose 4*j + h = 61. Calculate the highest common divisor of j and 70.
10
Let n be (-22 - -3)/(5/(-25)). Suppose -n = -2*f - 7. Let b = f - -37. What is the greatest common divisor of 9 and b?
9
Let z(d) = -4*d**2 - 115*d - 38. Let u be z(-28). Calculate the greatest common factor of u and 6946.
46
Let g = -16906 + 18661. What is the highest common divisor of 9126 and g?
351
Suppose -35 = -3*c + 5*u - 3*u, -u - 56 = -5*c. Let k(n) = -2*n - 7. Let r be k(3). Let v = c - r. What is the highest common divisor of v and 36?
12
Let f be 4*((-1404)/(-24) - 11)*9/6. What is the highest common factor of 4465 and f?
95
Let r = 46 + -54. Let d be (-114194)/8 + (5 - (-38)/r). Let y be d/(-81) + (-2)/9. Calculate the greatest common factor of 22 and y.
22
Let i(c) = 2*c + 26. Let k be (-4)/6*-1*(-126)/7. Let u be i(k). Calculate the greatest common factor of u and 34.
2
Let p = -194 + 299. Suppose 0 = -3*m - 3*k + 315, -15*m - 5*k + p = -14*m. Calculate the highest common divisor of m and 30.
15
Let w be 27/((-234)/36 - (-7)/1). Suppose 0*o = o - 90. What is the highest common factor of w and o?
18
Let q = 12666 + -10322. Calculate the highest common divisor of q and 24.
8
Let s be (-100)/92 + 1 + -1735*3/(-345). Calculate the highest common factor of 9210 and s.
15
Let m = 7390 - 4199. Suppose -184 = -9*c + m. Calculate the highest common divisor of c and 15.
15
Suppose -998*n = -980*n - 8784. Calculate the greatest common factor of n and 3294.
122
Suppose -8*j - 9 = j. Let d = j + 91. What is the greatest common divisor of d and 36?
18
Let n = 693 + -675. Let m be 2/6 - (186/n - 14). What is the highest common divisor of m and 7?
1
Let m be ((-21)/(-14))/(15/40). Suppose 0 = m*v - 30 + 6. Let c be 2/2 + (-3 - -4). Calculate the greatest common factor of c and v.
2
Let x be (0/(-1))/(130/(-65)). Suppose -4*t + 457 = -3*z, -4*t + 2*z + 363 + 91 = x. What is the highest common factor of 64 and t?
16
Suppose 0 = -2*v + 3*k + 25 - 16, -v - 3*k = 0. Suppose -3*q - 40 = -8*q. Let i = 13 + q. What is the highest common factor of i and v?
3
Let r(l) = 503*l + 17 + 19 - 507*l. Let w be r(-11). Calculate the highest common factor of 100 and w.
20
Let y be (-86)/(-903) + (-271)/(-21). Suppose -16*f + y*f = -48. Calculate the greatest common divisor of f and 528.
16
Let k be ((-15)/4)/((-9)/1044). Suppose 7*z + k = 10*z. Calculate the highest common divisor of z and 58.
29
Suppose 4*z - 14 + 70 = o, 5*o - 4*z - 280 = 0. Let y = 3 - -6. Let b be y/((-36)/o)*-1. What is the highest common divisor of b and 112?
14
Let g be (-4)/(-24) + 0 + (-3685)/(-66). Let q be (-173)/(-5) - 9/15. Suppose -q = -4*s + 2*f, 5*s - 38 + 0 = f. Calculate the highest common factor of s and g.
7
Let n(x) = 12*x - 21. Let i be n(6). Let z be 289/i + 1/3. Let m be (-3288)/(-78) - 4/26. What is the highest common factor of m and z?
6
Suppose -2*z = 3*z - 150. Let s(i) = -14*i + 14 - 3*i + 23. Let a be s(-4). Calculate the highest common factor of a and z.
15
Let z be (-9 - (-1 + -5)) + 1263/3 + 0. What is the greatest common factor of z and 133?
19
Let r = 692 + -220. Suppose m = r - 461. Calculate the greatest common factor of 55 and m.
11
Let t be (-12)/(-10)*(-2380)/(-84). Calculate the greatest common divisor of t and 34.
34
Let d be ((-2)/4)/(1/(-2)). What is the highest common divisor of d and 131?
1
Let p = 87 - 53. Suppose 3*d + 27931 = p*d. What is the highest common factor of 17 and d?
17
Suppose -4*w = -2*d + 86, 4*d - 99 - 66 = 7*w. Calculate the highest common divisor of d and 4234.
29
Suppose 7*w = q + 3*w + 12, -16 = -4*w. Suppose 5*a = -q*y + 18, 39 - 51 = 4*y. What is the highest common divisor of a and 480?
6
Suppose 286 = 2*h - 2*v, -146 = -25*h + 24*h + 2*v. What is the greatest common divisor of h and 2200?
20
Suppose 2*x + 2700 = 3*p, 0 = -50*p + 52*p + 4*x - 1768. What is the highest common factor of 2576 and p?
112
Let d = -17 + 24. Suppose 3*b = q + 1134, 5*b - 4*q = 1792 + 105. Suppose 2*j = 5*s - b, -4*s = -j - 4*j - 288. Calculate the highest common factor of d and s.
7
Let w(p) = -3*p**2 + 23*p + 75. Let o be w(9). Supp